 is the remainder when v is divided by 17?
12
Let j = -26 - -115. Let z = -8 + 31. Calculate the remainder when j is divided by z.
20
Let a(m) = -10*m + 110. Let j = 15 + -11. What is the remainder when a(10) is divided by j?
2
Suppose 0 = -6*s - 7*s + 299. Let v = 4 - 1. Suppose 4*k = v*x - 148 - 56, -4*k + 272 = 4*x. What is the remainder when x is divided by s?
22
Suppose 39*a + 4*b = 41*a - 166, 2*a - 2*b = 164. Calculate the remainder when a is divided by 28.
25
Let l(k) = 3*k**2 + 10*k + 2. Suppose 4*f + 43 = -5*z, 6 - 18 = 3*f - 3*z. What is the remainder when l(f) is divided by 27?
25
Let d be (7 + -7)/(2 + 1). Suppose -2*s - 4*h + 16 = d, -s - 4*h + 8 = -4. Suppose -y - 81 = -s*y. Calculate the remainder when 106 is divided by y.
25
Suppose -4*t + 3*z + 53 = 0, -5*t - 49*z = -45*z - 105. Calculate the remainder when 18 is divided by t.
1
Let l be -2*-6*2/8. Suppose -16 = -4*f + l*z, 2*f = -2*z + 4*z + 6. Suppose p - 5 = -4*m + 6, 5*p = -4*m + 23. What is the remainder when f is divided by p?
1
Let g be (-189)/18*16/6. Let i = 29 + g. Calculate the remainder when 2 is divided by i.
0
Let o(b) = b**2 + 64. Calculate the remainder when o(0) is divided by (-214)/321 - 106/(-6).
13
Let j(n) = n**3 - 10*n**2 + 7*n + 23. Let g be (-27)/1*(-28)/84. Calculate the remainder when 9 is divided by j(g).
4
Suppose -10*y + 1173 = -577. Suppose 7*j - 10*j = -66. Calculate the remainder when y is divided by j.
21
Let p(g) = -g**3 + 4*g**2 + 95*g + 3. What is the remainder when p(11) is divided by 44?
25
Suppose -5*d + o = -4*d - 47, -100 = -2*d + 4*o. What is the remainder when 218 is divided by d?
42
Let i = 15 + -12. Suppose -7*w + 40 = -2*w - 5*d, d - i = 0. Calculate the remainder when w is divided by 7.
4
Suppose -3*i + 109 = 4*t, -3*t + 4*i + 113 = -0*t. Let l be t*(-3)/(-1 - 2). Suppose 13 = s - l. Calculate the remainder when s is divided by 23.
21
Let a(x) = 3*x - 4. Let h(b) = b**2 + 4*b - 4. Let l be h(-6). Suppose 4 = 4*g, -f + g + 73 = f. Calculate the remainder when f is divided by a(l).
17
Suppose -v - 9 + 61 = 0. Suppose -36*r + 15*r = -23*r + 28. Calculate the remainder when v is divided by r.
10
Suppose -2*i = -2*y - 0*i + 80, -2*i = -4*y + 160. Suppose -4 - y = -4*g. What is the remainder when 96 is divided by g?
8
Let z be 2/4 + 3/2. Suppose 3*b = -3*b + 1230. Suppose -3*v = z*v - b. Calculate the remainder when v is divided by 22.
19
Suppose -25 = 5*b - 5*q, -4*q = -b - 18 - 2. Suppose -x = 0, 3*t + 5*x - 1 - 20 = b. What is the remainder when 47 is divided by t?
5
Suppose -z = -631 + 616. What is the remainder when 704 is divided by z?
14
Let l be (-1 + -2)*2/(-3). Let m be (4/5)/l*5. Suppose -5*t + 6*p - m*p = -149, 5*t - p = 161. What is the remainder when t is divided by 18?
15
Suppose 2*h - i - 75 = -h, -3*i = 4*h - 100. What is the remainder when 221 is divided by h?
21
Suppose 0 = -0*t + 5*t - 500. Suppose -5*y + d + t = 0, 4*y = 5*y - 4*d - 39. What is the remainder when 35/(-3)*(-9 - -6) is divided by y?
16
Let f(c) = -c + 20. Let v = -21 - -29. Calculate the remainder when f(v) is divided by 7.
5
Let o(r) = 5*r**2 - 3*r - 7. Let p(l) = -3*l + 13. Let y be p(4). What is the remainder when o(5) is divided by y + -3 + 3 + 22 + 3?
25
Suppose -10 + 55 = o. Let p(n) = 3*n - 6. Let i(t) = 3*t - 6. Let d(q) = -5*i(q) + 6*p(q). What is the remainder when o is divided by d(6)?
9
Suppose -1 = -z + 1. Suppose -z*i + 20 = 2*n, 4*n = -i + 11 + 26. Calculate the remainder when 14 is divided by n.
5
Let s(z) = 41*z + 210. What is the remainder when s(0) is divided by 75?
60
What is the remainder when 281 is divided by 109 - 110 - (0 - (138 + -2))?
11
Calculate the remainder when (355/(-15))/(2/(-6)) is divided by 28.
15
Let n(w) = -5*w - 6. Let v = 16 - 12. Suppose -5*h - v*l = 57, 4*h + 9*l - 4*l + 51 = 0. What is the remainder when n(h) is divided by 14?
11
Let h be (-1 + (-1)/(-2))*0. Let o = 975 + -972. Suppose -o*q + 39 = -h*q. What is the remainder when 49 is divided by q?
10
Suppose -4*g = -u + 68, -3*u + 139 = -g - 32. Let m = 4183 - 4164. Calculate the remainder when u is divided by m.
18
Suppose c + 16 = 37. Let l = 77 + -74. Suppose 5*v + 6*x - 52 = l*x, -5*x + 17 = 2*v. Calculate the remainder when c is divided by v.
10
Let r(g) be the second derivative of 1/3*g**3 + 27/2*g**2 - 13*g + 1/12*g**4 + 0. What is the remainder when 107 is divided by r(0)?
26
Let g be 2/((-1)/11*2). Let x = -31 - g. Calculate the remainder when 10 is divided by 28/5 - 8/x.
4
Suppose w - 3*p - 15 = -0*p, -3 = -w - p. Suppose -18 - w = -6*x. What is the remainder when 6*(-2)/x*-5 is divided by 6?
3
Let f(r) = 2*r - 12. Let c be f(6). Suppose c = 13*h - 11*h - 62. What is the remainder when h is divided by 8?
7
Let c = 416 - 331. Calculate the remainder when c is divided by 43.
42
Let c be (-32)/6*(-1 - 2). Suppose c = m - 17. Calculate the remainder when m is divided by 17.
16
Let d(p) = -p**3 - 7*p**2 + 2. Let t be d(-7). What is the remainder when (-75)/(-9) + t/3 is divided by 2?
1
What is the remainder when 47 is divided by ((-36)/21)/(81/(-756))?
15
Let d(x) = 3*x**2 - 3*x - 5. What is the remainder when d(6) is divided by ((-1)/2*-3)/(6/116)?
27
Let x = -700 - -737. Let o(n) = 26*n**2 - n + 2. What is the remainder when o(-2) is divided by x?
34
Calculate the remainder when 52 is divided by ((-42)/6 - -6) + 10.
7
Let o(s) = -3*s + 29. Let h be o(8). Suppose h*z = -13 + 153. Calculate the remainder when z is divided by 4.
0
Suppose -26 = -3*x + 4. Let q(d) = d**2 - 151*d + 762. What is the remainder when q(5) is divided by x?
2
Suppose 10*o + 42*o - 1196 = 0. Let c = 74 + -30. Calculate the remainder when c is divided by o.
21
Suppose -y = 2*y - 54. Suppose 3*l - h + 36 = 11, 0 = 3*l - 2*h + 23. What is the remainder when y is divided by (0 - (-20)/(-6))/(6/l)?
3
Suppose -6*g + 38 = 3*x - g, x = g + 10. Let o(w) = -w**3 - 8*w**2 - 11*w - 4. Let v be o(-7). Calculate the remainder when x is divided by v/(-4)*1/(-2).
2
Let x(t) = t**3 + 7*t**2 + 8*t + 4. Let i = -364 + 419. What is the remainder when i is divided by x(-5)?
13
Suppose -11*u + 3*i = -16*u + 172, 0 = -5*i - 5. What is the remainder when 47 is divided by u?
12
Suppose -31*r + 434 = -372. What is the remainder when 753 is divided by r?
25
Suppose -5*a + 1112 = 282. Calculate the remainder when a is divided by 43.
37
Let l be ((2 + -1 - 1) + 0)/(-1). Suppose l = y - 4*n - 49, 6 - 3 = n. Suppose 0*i + 2*i = -5*b + 27, 5*b = -5. Calculate the remainder when y is divided by i.
13
Suppose o + 7 = 2*n + 2, -5*n = -25. Let w = 977 - 973. Suppose c - w = -o*j + 38, -4*c + 2*j = -146. What is the remainder when c is divided by 10?
7
Let s = 188 + -2. Calculate the remainder when s is divided by 9.
6
Let j = 14 + -12. Let o(y) = -2*y + 22. Calculate the remainder when o(6) is divided by j.
0
Suppose 2*k + 2*z = 412, k - 65 = -5*z + 125. Suppose -5*v + k = -0*v. Calculate the remainder when v is divided by 11.
9
Suppose 65*l = 57*l + 712. Calculate the remainder when l is divided by 18.
17
Suppose c + 152 = 6*y - 3*y, 2*c = -4*y + 206. Let s(f) = 2*f**2 + 2*f + 3. What is the remainder when y is divided by s(-4)?
24
Let w(j) = 2*j**3 + 3*j**2 - 4*j - 4. Let b be w(-2). Suppose b = 4*y - 5*y, -5*y = 4*n - 144. Calculate the remainder when 105 is divided by n.
33
Suppose -4*l = 5*h - 39, 0 = h + 65*l - 60*l - 12. What is the remainder when 39 - (0 - (-1 - -2)) is divided by h?
5
Suppose 0 = 68*a + 20*a - 2288. What is the remainder when a is divided by 21?
5
Let y be (2 + -2)/(8 + -7). Suppose 5*b + l - 83 = y, -5*b + 8*b = 3*l + 57. What is the remainder when 64 is divided by b?
13
Let z(i) = 3*i - 21. Suppose c - 2*g = 38, -3*g + 63 = 2*c + 15. What is the remainder when -2*(-1)/(4/c) is divided by z(10)?
6
What is the remainder when 6*(-2 - 21/(-9)) - -15 is divided by 16?
1
Let d = 523 + -237. What is the remainder when d is divided by 32?
30
Suppose 4*o + o = 30. What is the remainder when 7/(-35) + 2/15*159 is divided by o?
3
Let g = -137 - -153. Calculate the remainder when 53 is divided by g.
5
Calculate the remainder when (-53)/2*(-24 - -22) is divided by 29.
24
Let a(u) = u**3 + 7*u**2 + u - 2. Let q be a(-6). Let w = -12 + q. What is the remainder when w is divided by 4?
0
Let b = 